{"id":20,"date":"2014-05-04T20:20:38","date_gmt":"2014-05-04T18:20:38","guid":{"rendered":"http:\/\/www.rotweisskassel.de\/verein\/?page_id=20"},"modified":"2023-10-22T16:31:51","modified_gmt":"2023-10-22T14:31:51","slug":"sporthalle-osw","status":"publish","type":"page","link":"https:\/\/www.rotweisskassel.de\/verein\/orte\/sporthalle-osw\/","title":{"rendered":"Sporthalle OSW"},"content":{"rendered":"<p>Adresse&nbsp;Offene Schule Waldau:&nbsp;<strong><span style=\"color: #000000;\">Stegerwaldstra\u00dfe 45, 34123 Kassel<\/span><span style=\"color: #000000;\">-Waldau<\/span><\/strong><\/p>\n<p>Wegen der Bauma\u00dfnahmen hat sich der Zugang etwas ge\u00e4ndert. Siehe unten.<\/p>\n<p><span style=\"text-decoration: underline;\"><strong>Zugang zur Halle:<\/strong><\/span>&nbsp; (10\/2023) Wenn man vor dem Schulgeb\u00e4ude steht muss man nach rechts um das Geb\u00e4ude herumgehen, dann den letzten Eingang zur Sporthalle nehmen.&nbsp;<\/p>\n<p><strong>Auto :<\/strong> Die offene Schule Waldau liegt in der n\u00e4he der Abfahrt &#8222;Waldau&#8220; der A49 und ist \u00fcber die Stegerwaldstra\u00dfe zu erreichen.<\/p>\n<p><strong>Bus :<\/strong> Ganz in der N\u00e4he der OSW h\u00e4lt der Bus der Linie 37. Oder evtl. schneller mit der Buslinie 18 &#8211; Haltestelle<strong> Gesamtschule Waldau<\/strong> und der Buslinie 19 &#8211; Haltestelle<strong> Waldemar &#8211; Petersen Stra\u00dfe.<\/strong><\/p>\n<p>Mit Google Maps <a title=\"OSW Maps\" href=\"https:\/\/www.rotweisskassel.de\/verein\/orte\/sporthalle-osw\/osw-maps\/\">Karte<\/a><\/p>\n","protected":false},"excerpt":{"rendered":"<div class=\"mh-excerpt\"><p>Adresse&nbsp;Offene Schule Waldau:&nbsp;Stegerwaldstra\u00dfe 45, 34123 Kassel-Waldau Wegen der Bauma\u00dfnahmen hat sich der Zugang etwas ge\u00e4ndert. Siehe unten. Zugang zur Halle:&nbsp; (10\/2023) Wenn man vor dem <a class=\"mh-excerpt-more\" href=\"https:\/\/www.rotweisskassel.de\/verein\/orte\/sporthalle-osw\/\" title=\"Sporthalle OSW\">[&#8230;]<\/a><\/p>\n<\/div>","protected":false},"author":4,"featured_media":0,"parent":18,"menu_order":0,"comment_status":"closed","ping_status":"open","template":"","meta":{"ngg_post_thumbnail":0,"footnotes":""},"class_list":["post-20","page","type-page","status-publish","hentry"],"_links":{"self":[{"href":"https:\/\/www.rotweisskassel.de\/verein\/wp-json\/wp\/v2\/pages\/20","targetHints":{"allow":["GET"]}}],"collection":[{"href":"https:\/\/www.rotweisskassel.de\/verein\/wp-json\/wp\/v2\/pages"}],"about":[{"href":"https:\/\/www.rotweisskassel.de\/verein\/wp-json\/wp\/v2\/types\/page"}],"author":[{"embeddable":true,"href":"https:\/\/www.rotweisskassel.de\/verein\/wp-json\/wp\/v2\/users\/4"}],"replies":[{"embeddable":true,"href":"https:\/\/www.rotweisskassel.de\/verein\/wp-json\/wp\/v2\/comments?post=20"}],"version-history":[{"count":6,"href":"https:\/\/www.rotweisskassel.de\/verein\/wp-json\/wp\/v2\/pages\/20\/revisions"}],"predecessor-version":[{"id":1742,"href":"https:\/\/www.rotweisskassel.de\/verein\/wp-json\/wp\/v2\/pages\/20\/revisions\/1742"}],"up":[{"embeddable":true,"href":"https:\/\/www.rotweisskassel.de\/verein\/wp-json\/wp\/v2\/pages\/18"}],"wp:attachment":[{"href":"https:\/\/www.rotweisskassel.de\/verein\/wp-json\/wp\/v2\/media?parent=20"}],"curies":[{"name":"wp","href":"https:\/\/api.w.org\/{rel}","templated":true}]}}